3 + 3)*4/(-8). Let a be y(q). What is the highest common divisor of a and 76?
38
Suppose -2*r + 3*a + 100 - 11 = 0, r + 4*a - 72 = 0. Let z = 94 - r. What is the highest common divisor of 63 and z?
21
Let a(c) = 2*c + 2. Let k be a(-3). Let w be (-6)/k*3368/3. Let v be w/16 + 1/(-4). Calculate the greatest common factor of 15 and v.
15
Suppose -8 = -7*f - 50. Let i be 12*10/40 + (1 - f). Suppose -68 = 2*r - 168. What is the greatest common factor of r and i?
10
Suppose 0 = -6*z + 19*z - 728. Let a(s) = -s + 9. Let g be a(-5). Calculate the greatest common factor of z and g.
14
Let c be 1*6/(-15) + (-160)/(-25). Suppose c*z = 5*z - 5*d + 285, -2*z + d = -548. What is the greatest common factor of z and 25?
25
Suppose 5*j = 9 + 6. Suppose -j*d - 27 = -6*d. Calculate the greatest common divisor of 63 and d.
9
Let y(f) = -2*f**2 - 16*f + 2. Let t be y(-5). Suppose -2*d + 24 = -3*x, -d + 2*x = -5*d + t. What is the greatest common divisor of d and 6?
3
Suppose 4*m + 5*b - 33 = 0, 10 = -5*m - 5*b + 45. What is the highest common divisor of 10 and m?
2
Let a be 1 - (-14 + (-2 - -2)). Suppose g + g = 30. What is the highest common divisor of a and g?
15
Suppose 0 = -37*f + 15708 - 1500. Calculate the highest common factor of 12 and f.
12
Let i(t) = 3*t + 31. Let q(r) = -14 + 0 - r + 4. Let m(h) = 3*i(h) + 8*q(h). Let n be m(10). What is the highest common divisor of n and 161?
23
Let j be 0 + 2 + -3 + (-117)/(-3). Calculate the highest common divisor of 133 and j.
19
Suppose 0 = -3*m + 4*b - 217, -m + 3*b - 81 + 12 = 0. Let g = -71 - m. What is the greatest common divisor of g and 1?
1
Suppose a - 13 + 5 = 0. Let f be 1 - 2 - (-15)/3. What is the highest common divisor of a and f?
4
Suppose 3*b = -3*b + 228. Suppose -2*l - 4*f + b = 0, -5*f - 140 = -5*l - 0*f. Calculate the highest common factor of l and 10.
5
Let g = -445 + 500. Calculate the greatest common factor of g and 22.
11
Let s be 0 + 3 + -4 + -2 + 2. Let p be (-1)/6*2*s*15. What is the greatest common factor of 10 and p?
5
Let b(y) = 9*y - 12. Let d(r) = -r - 1. Let k(p) = -b(p) - 6*d(p). Let w be k(-5). Calculate the greatest common divisor of w and 3.
3
Let k be 12 + 1 + 0 - -1. Let a(o) = -2*o + 1. Let g be a(-2). Suppose -3*u = -1 - g. What is the highest common factor of u and k?
2
Let d be (-2 - -15)/((-1)/2). Let i = d - -36. Let y be (-1248)/(-42) + (-2)/(-7). Calculate the greatest common divisor of i and y.
10
Let f(z) = -2*z - 4. Let c be f(-4). Suppose c*s = 3*j - 2*j + 14, -2*j + 4 = 0. Calculate the highest common divisor of s and 12.
4
Suppose -s + 12 = l, 2*l - 4*s - 33 = 9. Let i(o) = -o**3 + 4*o**2 + 5*o - 5. Let m be i(4). What is the highest common factor of l and m?
15
Let a = 1744 - 1724. Calculate the highest common factor of a and 930.
10
Let t = -768 + 922. What is the highest common factor of 7 and t?
7
Suppose 0*k - 2*k - 440 = -5*z, 0 = 3*z + 3*k - 264. Calculate the greatest common divisor of z and 40.
8
Let f(m) = -35*m**3 - 6*m**2 - 13*m - 17. Let u be f(-2). Calculate the greatest common factor of 159 and u.
53
Let c = -11 - -23. Calculate the highest common divisor of 732 and c.
12
Let s(h) = -h**2 - 41*h - 20. Let w be s(-39). What is the highest common divisor of 4 and w?
2
Suppose -3*l = 31*n - 29*n - 1467, -2*l = 5*n - 3673. Calculate the highest common divisor of n and 49.
49
Let q be ((-8)/28)/((-1)/7). Let c be (1*6)/(1 + -3) + 3. Let h be ((-140)/7)/((c - 0) + -2). What is the highest common divisor of q and h?
2
Let m = 6 + -1. Suppose -3*t + 358 = -m*r, 7*t = 4*t + 4*r + 359. Suppose 5*x = 74 - 19. What is the greatest common divisor of x and t?
11
Let u = -46 - -49. Suppose -2*h - 5*d = -61, -h - 4*d + 92 = u*h. Calculate the highest common factor of h and 27.
9
Let f(p) = -p**2 - 10*p - 6. Suppose -3*o - 39 = 3*b, b + 5*o = -3*b - 56. Let r = -13 - b. Let m be f(r). What is the highest common divisor of m and 72?
18
Let m = 44 + -19. Suppose -3*j = 2*i - m, -2*j = 3*i - 0*j - 35. Let l(q) = q**2 + 10*q + 2. Let u be l(7). Calculate the greatest common divisor of i and u.
11
Suppose -11 = 2*a - 151. Let n be ((-35)/(-6))/(14/420). What is the greatest common factor of n and a?
35
Suppose -3*z + 37 = -32. Suppose 0*r + 3*r - x = -54, 36 = -2*r + x. Let n be 12*(-4)/r*69. What is the greatest common divisor of z and n?
23
Let s be 84 - (3 - -51)/(-9). Calculate the greatest common factor of 12 and s.
6
Let j(i) = -2*i**2 + 25*i - 14. Let w be j(11). Let v = w - 15. Calculate the greatest common factor of 40 and v.
4
Let r be (0 - 5)*(4 + -3 + 0). Let m be 7/(105/(-6))*r. What is the greatest common factor of m and 5?
1
Let t(l) = 5*l - 12. Let o be t(3). Suppose -x + 230 = 4*v, 5*x + 53 = v + o*x. What is the greatest common factor of 38 and v?
19
Let p(g) = -g**3 + 12*g**2 + g - 10. Let i be p(12). Let w be (-2 - -1) + i - 56. Let y = 77 + w. What is the highest common divisor of 22 and y?
22
Suppose 6*d - 96 = 696. What is the highest common divisor of d and 24?
12
Let s = 47 - 44. Suppose 4*l = -s*l + 63. What is the highest common divisor of l and 3?
3
Let b(m) = -m**2 - 20*m - 48. Let o be b(-16). What is the greatest common factor of 80 and o?
16
Let y be (3/(-9))/((-2)/30). Suppose 4*a = 21 - 1. Suppose -4*u + 55 = -a. Calculate the highest common factor of u and y.
5
Let g(u) = -97*u - 293. Let y be g(-17). What is the highest common divisor of y and 12?
12
Let b be (-20)/4 + (10 - -4)*4. Calculate the greatest common divisor of 119 and b.
17
Let m be (36/10)/((-38)/(-1900)). What is the greatest common divisor of m and 160?
20
Suppose 0 = -p + 4*p. Let u be 226/7 + (-6)/21. Suppose -o + 56 + u = p. Calculate the highest common factor of 8 and o.
8
Suppose -20 = 3*l + l. Let u = l + 37. Suppose -136 - u = -7*w. Calculate the greatest common factor of w and 8.
8
Suppose 7*h + 256 - 669 = 0. Calculate the greatest common factor of 1475 and h.
59
Let c(k) = -4*k - 1. Let m be c(-7). Let q(v) = -v**3 - 15*v**2 - 37*v + 6. Let b be q(-12). What is the greatest common factor of m and b?
9
Let s(w) = 2*w**3 + 69*w**2 + 34*w + 36. Let y be s(-34). What is the greatest common divisor of y and 24?
12
Suppose 1923 = 13*x - 1808. What is the highest common factor of x and 7?
7
Let z be -1 - (-1172)/(-8)*-4. Let i = 909 - z. Let w be i/16 + (-2)/8. Calculate the greatest common divisor of 30 and w.
10
Let k = 102 - 35. Let v = 187 - k. Suppose 0 = -d + 4*n + 42 + 18, -201 = -4*d + 3*n. Calculate the highest common divisor of v and d.
24
Suppose 4*z + v - 8806 = 0, 2*z + 26*v - 30*v = 4394. Calculate the highest common divisor of 31 and z.
31
Let k = -799 + 1742. What is the highest common divisor of 46 and k?
23
Let r(n) be the third derivative of n**6/120 + n**5/4 - 7*n**4/8 - 8*n**2. Let s be r(-16). What is the greatest common factor of s and 120?
40
Suppose -4*k - 4*m + 108 = 0, 6*k - 2*k = -2*m + 98. Let n = k - -48. What is the highest common factor of 10 and n?
10
Suppose -4*d = 20, 2*h + 5*d + 7 = -6. Suppose u - h*u = 0. Let f be 2 + u + -3 + 14. Calculate the highest common divisor of 91 and f.
13
Suppose 6*y - 4*y = -4. Let r be y*((-12)/4 + -3). Calculate the highest common divisor of r and 60.
12
Let u be ((-3)/(-2))/(6/8). Let d = u + 1. Suppose 0 = -4*v - 2*g + 88, -d*g + 7 = v - 5. What is the greatest common factor of 6 and v?
6
Let y = 811 - 271. Suppose y = 2*q + 2*q. Calculate the greatest common factor of 15 and q.
15
Suppose 4*l = -5*q - 16, q + l = -3*q - 15. Let n = q + 7. Suppose -4*c - 484 = -4*w, -363 = -n*w - 6*c + 3*c. What is the greatest common factor of w and 11?
11
Let c be (4/2 - 2)/2. Let b be c - 1 - (-5 + -28). Let u = -35 + 115. What is the highest common factor of b and u?
16
Let f(q) = 131*q**2 + 6*q - 12. Let c be f(-5). What is the greatest common factor of 61 and c?
61
Let b = -465 - -555. What is the greatest common divisor of 42 and b?
6
Let a(s) = -s**3 + 8*s**2 - 7*s + 7. Let f be a(7). Let d = f - 4. Suppose -7*h - 19 = -26. What is the greatest common factor of d and h?
1
Let o(s) = -5*s**2 - 157*s - 40. Let u be o(-31). What is the greatest common factor of 1727 and u?
11
Let x(n) = 14*n**2 - 45*n - 2. Let q be x(4). Calculate the highest common divisor of q and 147.
21
Let m be (0 - 1)/((-2)/20*2). 